, 17, 1110181
What are the prime factors of 75602556?
2, 3, 2100071
What are the prime factors of 98202623?
127, 773249
List the prime factors of 65275592.
2, 463, 17623
List the prime factors of 3452517269.
3452517269
What are the prime factors of 279912719?
10903, 25673
List the prime factors of 158300214.
2, 3, 23, 1147103
What are the prime factors of 6274481?
6274481
List the prime factors of 462249057.
3, 17, 9063707
What are the prime factors of 51949869?
3, 17316623
List the prime factors of 175832025.
3, 5, 2344427
List the prime factors of 258693137.
29, 383, 23291
What are the prime factors of 1143862810?
2, 5, 114386281
What are the prime factors of 408652871?
11, 1423, 26107
What are the prime factors of 5051910313?
569, 1499, 5923
List the prime factors of 905829224.
2, 17, 6660509
What are the prime factors of 32550863?
1033, 31511
What are the prime factors of 49074258?
2, 3, 1511, 5413
List the prime factors of 76670425.
5, 13, 17, 13877
What are the prime factors of 436289997?
3, 11, 13, 43, 67, 353
What are the prime factors of 192851324?
2, 79, 610289
What are the prime factors of 1418631174?
2, 3, 47, 1676869
List the prime factors of 2752654022.
2, 1376327011
What are the prime factors of 208506720?
2, 3, 5, 434389
List the prime factors of 3177578452.
2, 794394613
List the prime factors of 883847076.
2, 3, 7, 31, 10949
List the prime factors of 10538583.
3, 11, 319351
What are the prime factors of 705754773?
3, 31, 47, 107, 503
List the prime factors of 2539137828.
2, 3, 211594819
What are the prime factors of 1210792970?
2, 5, 121079297
What are the prime factors of 177199915?
5, 521, 68023
List the prime factors of 74869502.
2, 587, 63773
What are the prime factors of 25180624?
2, 7, 19, 11833
What are the prime factors of 294277454?
2, 73, 2015599
What are the prime factors of 218039667?
3, 5417, 13417
What are the prime factors of 2427669086?
2, 31, 37, 821, 1289
What are the prime factors of 11010291?
3, 19, 193163
What are the prime factors of 40308198?
2, 3, 7, 959719
List the prime factors of 1317979726.
2, 7, 19, 53, 93487
List the prime factors of 19013384.
2, 13, 182821
List the prime factors of 1346395579.
1346395579
What are the prime factors of 439445837?
439445837
What are the prime factors of 1980983994?
2, 3, 11, 30014909
What are the prime factors of 242045578?
2, 821, 147409
What are the prime factors of 8398804?
2, 53, 173, 229
List the prime factors of 2124911699.
2124911699
List the prime factors of 504276202.
2, 17, 2707, 5479
What are the prime factors of 124152532?
2, 7, 4434019
What are the prime factors of 832550040?
2, 3, 5, 7, 67, 4931
What are the prime factors of 3196359829?
13, 79, 3112327
What are the prime factors of 406007399?
7, 61, 950837
List the prime factors of 98316318.
2, 3, 43, 381071
What are the prime factors of 286238032?
2, 17889877
What are the prime factors of 8847327?
3, 17, 47, 3691
What are the prime factors of 105137307?
3, 11, 1061993
List the prime factors of 171292844.
2, 42823211
List the prime factors of 3483943960.
2, 5, 7, 17, 731921
What are the prime factors of 1360086350?
2, 5, 7, 3885961
What are the prime factors of 65493601?
43, 1523107
What are the prime factors of 1083310644?
2, 3, 13, 6944299
List the prime factors of 165213787.
31, 223, 23899
List the prime factors of 1746638962.
2, 8111, 107671
What are the prime factors of 10925958?
2, 3, 67, 27179
What are the prime factors of 1832308383?
3, 79, 7731259
List the prime factors of 185021953.
71, 2605943
List the prime factors of 318979875.
3, 5, 850613
List the prime factors of 306478647.
3, 233, 5413
What are the prime factors of 883729192?
2, 110466149
What are the prime factors of 22755616?
2, 13, 19, 2879
List the prime factors of 2268529121.
14437, 157133
List the prime factors of 95808256.
2, 271, 1381
List the prime factors of 68031289.
43, 1237, 1279
List the prime factors of 2684694236.
2, 7, 1531, 62627
List the prime factors of 33699143.
43, 783701
List the prime factors of 15543875.
5, 124351
List the prime factors of 7446861.
3, 827429
What are the prime factors of 1948035685?
5, 149, 227, 11519
What are the prime factors of 1315978485?
3, 5, 87731899
What are the prime factors of 723288332?
2, 13, 13909391
List the prime factors of 940472313.
3, 11, 28499161
List the prime factors of 118009534.
2, 59004767
What are the prime factors of 111447389?
41, 2718229
List the prime factors of 4980087160.
2, 5, 10253, 12143
List the prime factors of 2004512450.
2, 5, 40090249
What are the prime factors of 70104134?
2, 35052067
What are the prime factors of 242464785?
3, 5, 16164319
What are the prime factors of 931080230?
2, 5, 93108023
List the prime factors of 27377204.
2, 1229, 5569
List the prime factors of 538964496.
2, 3, 7, 37, 4817
List the prime factors of 837763691.
61, 13733831
What are the prime factors of 6432973775?
5, 257318951
What are the prime factors of 250284167?
7, 35754881
List the prime factors of 476301217.
7, 9720433
List the prime factors of 33702158.
2, 7, 2407297
List the prime factors of 258598249.
7, 13, 29, 31, 109
List the prime factors of 3041672946.
2, 3, 13, 17, 29, 83, 953
List the prime factors of 3096996525.
3, 5, 7, 43, 5081
What are the prime factors of 2327476467?
3, 23, 33731543
List the prime factors of 11439651.
3, 31, 123007
What are the prime factors of 5093015454?
2, 3, 211, 148997
List the prime factors of 1996448.
2, 89, 701
List the prime factors of 100139590.
2, 5, 10013959
List the prime factors of 45461830.
2, 5, 577, 7879
List the prime factors of 397803989.
11, 36163999
List the prime factors of 45311529.
3, 101, 149543
List the prime factors of 41858487.
3, 11, 563, 751
What are the prime factors of 97262126?
2, 13, 3740851
List the prime factors of 48309166.
2, 24154583
List the prime factors of 904530307.
31, 137, 212981
What are the prime factors of 957844066?
2, 478922033
List the prime factors of 30014054.
2, 7, 2143861
What are the prime factors of 19589226?
2, 3, 41, 79631
List the prime factors of 61605976.
2, 29, 265543
List the prime factors of 819017991.
3, 11, 8272909
What are the prime factors of 11016484?
2, 97, 28393
List the prime factors of 61040849.
4931, 12379
What are the prime factors of 25052107?
41, 611027
What are the prime factors of 501048953?
283, 1770491
List the prime factors of 48682039.
7, 29, 34259
What are the prime factors of 27035096?
2, 11, 71, 4327
What are the prime factors of 41983207?
7, 31, 79
List the prime factors of 853910978.
2, 426955489
What are the prime factors of 84168064?
2, 97, 6779
What are the prime factors of 509048233?
43, 61, 194071
List the prime factors of 168429833.
11, 13, 257, 4583
What are the prime factors of 521937534?
2, 3, 29, 53, 56597
What are the prime factors of 629602620?
2, 3, 5, 19, 552283
List the prime factors of 75058365.
3, 5, 61, 82031
List the prime factors of 421452215.
5, 29, 2906567
List the prime factors of 62788556.
2, 37, 424247
What are the prime factors of 208453051?
208453051
List the prime factors of 453401666.
2, 59, 1741, 2207
What are the prime factors of 413812413?
3, 7, 6568451
List the prime factors of 777965900.
2, 5, 17, 421, 1087
What are the prime factors of 776966319?
3, 137, 463, 1361
What are the prime factors of 1788586421?
23, 1709, 45503
What are the prime factors of 173688108?
2, 3, 11, 149, 8831
List the prime factors of 119063363.
119063363
What are the prime factors of 568099863?
3, 17, 3713071
List the prime factors of 4172736922.
2, 2086368461
List the prime factors of 6845055.
3, 5, 7, 67, 139
List the prime factors of 5998994748.
2, 3, 17, 617, 15887
What are the prime factors of 82268092?
2, 20567023
What are the prime factors of 36791860?
2, 5, 7, 109, 2411
What are the prime factors of 47668118?
2, 23834059
List the prime factors of 105563767.
23, 73, 62873
What are the prime factors of 585001549?
11, 659, 80701
What are the prime factors of 4992417813?
3, 277, 6007723
List the prime factors of 52095935.
5, 10419187
What are the prime factors of 10618717?
419, 25343
List the prime factors of 611062528.
2, 23, 59, 1759
What are the prime factors of 9697178?
2, 67, 72367
List the prime factors of 1371085152.
2, 3, 14282137
W